{"id":138,"date":"2026-04-21T15:54:44","date_gmt":"2026-04-21T15:54:44","guid":{"rendered":"https:\/\/www.racyred.net\/?page_id=138"},"modified":"2026-04-21T18:07:31","modified_gmt":"2026-04-21T18:07:31","slug":"meara","status":"publish","type":"page","link":"https:\/\/www.racyred.net\/index.php\/meara\/","title":{"rendered":"Meara"},"content":{"rendered":"\n<p class=\"has-text-align-center\"><strong>HeCH-25 WH-25<\/strong><\/p>\n\n\n\n<p class=\"has-text-align-center\"><strong><a href=\"https:\/\/jalostus.kennelliitto.fi\/frmKoira.aspx?RekNo=FI10612%2F25&amp;R=139\">Racy Red Claddagh<\/a><\/strong><\/p>\n\n\n\n<p class=\"has-text-align-center\">synt. \/ born 27.11.2024<\/p>\n\n\n\n<p class=\"has-text-align-center\"><\/p>\n\n\n\n<figure class=\"wp-block-image\"><img loading=\"lazy\" decoding=\"async\" width=\"1024\" height=\"576\" src=\"https:\/\/www.racyred.net\/wp-content\/uploads\/2026\/04\/Meara-uusi-1024x576.jpg\" alt=\"\" class=\"wp-image-147\" srcset=\"https:\/\/www.racyred.net\/wp-content\/uploads\/2026\/04\/Meara-uusi-1024x576.jpg 1024w, https:\/\/www.racyred.net\/wp-content\/uploads\/2026\/04\/Meara-uusi-300x169.jpg 300w, https:\/\/www.racyred.net\/wp-content\/uploads\/2026\/04\/Meara-uusi-768x432.jpg 768w, https:\/\/www.racyred.net\/wp-content\/uploads\/2026\/04\/Meara-uusi-1536x864.jpg 1536w, https:\/\/www.racyred.net\/wp-content\/uploads\/2026\/04\/Meara-uusi-1140x641.jpg 1140w, https:\/\/www.racyred.net\/wp-content\/uploads\/2026\/04\/Meara-uusi.jpg 2000w\" sizes=\"auto, (max-width: 1024px) 100vw, 1024px\" \/><figcaption class=\"wp-element-caption\"><sup>Photo: Inger Ekman<\/sup><\/figcaption><\/figure>\n\n\n\n<p>Meara on <a href=\"https:\/\/www.racyred.net\/index.php\/verka-2\/\" data-type=\"page\" data-id=\"118\">Verka<\/a>n ja Nukan, aiemman sijoitusnarttuni tyt\u00e4r, joka asuu Inger Ekmanin perheen luona. <br>Meara on tosi hellytt\u00e4v\u00e4, utelias ja innostuva, iloinen tutkailija ja seurallinen lapsi. Samalla tosi provosoiva pikkusisko, h\u00e4rn\u00e4\u00e4 ja testaa Corran-veljen rajoja. Ruma suustansa: jos on ajatustakaan siit\u00e4, ett\u00e4 jotakuta pit\u00e4\u00e4 l\u00e4ksytt\u00e4\u00e4 &#8211; t\u00e4\u00e4lt\u00e4 pesee! Rohkea ja pelk\u00e4\u00e4m\u00e4t\u00f6n atleetti. Lent\u00e4\u00e4 hyvin ja korkealta, piha-aidat ovat n\u00f6ss\u00f6j\u00e4 varten. \ud83d\ude09 Kaunis, mutta v\u00e4h\u00e4n bimbo. Ei ihan penaalin ter\u00e4vin kyn\u00e4, mutta aina innolla mukana silti.<\/p>\n\n\n\n<p>Helsingin maailmanvoittajan\u00e4yttelyss\u00e4 Meara piipahti keh\u00e4ss\u00e4 ensimm\u00e4isi\u00e4 kertojaan ja sai sielt\u00e4 hienot arvostelut sek\u00e4 jo ensimm\u00e4iset hienot tittelins\u00e4 World Hope 2025 ja Helsinki Circuit Hope 2025. Nyt me odottelemme neidin kasvamista ja kehittymist\u00e4 ennen seuraavia keh\u00e4koitoksia. Sill\u00e4 v\u00e4lill\u00e4 Inger ja perhe treenaavat Mearan kanssa agility\u00e4 ja harrastavat monenmoista arjen aktivointia. <\/p>\n\n\n\n<figure class=\"wp-block-image size-large\"><img loading=\"lazy\" decoding=\"async\" width=\"576\" height=\"1024\" src=\"https:\/\/www.racyred.net\/wp-content\/uploads\/2026\/04\/WhatsApp-Image-2026-04-21-at-18.37.22-576x1024.jpeg\" alt=\"\" class=\"wp-image-139\" srcset=\"https:\/\/www.racyred.net\/wp-content\/uploads\/2026\/04\/WhatsApp-Image-2026-04-21-at-18.37.22-576x1024.jpeg 576w, https:\/\/www.racyred.net\/wp-content\/uploads\/2026\/04\/WhatsApp-Image-2026-04-21-at-18.37.22-169x300.jpeg 169w, https:\/\/www.racyred.net\/wp-content\/uploads\/2026\/04\/WhatsApp-Image-2026-04-21-at-18.37.22-768x1365.jpeg 768w, https:\/\/www.racyred.net\/wp-content\/uploads\/2026\/04\/WhatsApp-Image-2026-04-21-at-18.37.22-864x1536.jpeg 864w, https:\/\/www.racyred.net\/wp-content\/uploads\/2026\/04\/WhatsApp-Image-2026-04-21-at-18.37.22.jpeg 900w\" sizes=\"auto, (max-width: 576px) 100vw, 576px\" \/><figcaption class=\"wp-element-caption\"><sup>Photo: Inger Ekman<\/sup><\/figcaption><\/figure>\n\n\n\n<p><\/p>\n","protected":false},"excerpt":{"rendered":"<p>HeCH-25 WH-25 Racy Red Claddagh synt. \/ born 27.11.2024 Meara on Verkan ja Nukan, aiemman sijoitusnarttuni tyt\u00e4r, joka asuu Inger Ekmanin perheen luona. Meara on tosi hellytt\u00e4v\u00e4, utelias ja innostuva, iloinen tutkailija ja seurallinen lapsi. Samalla tosi provosoiva pikkusisko, h\u00e4rn\u00e4\u00e4 ja testaa Corran-veljen rajoja. Ruma suustansa: jos on ajatustakaan siit\u00e4, ett\u00e4 jotakuta pit\u00e4\u00e4 l\u00e4ksytt\u00e4\u00e4 &#8211; t\u00e4\u00e4lt\u00e4 pesee! Rohkea ja pelk\u00e4\u00e4m\u00e4t\u00f6n atleetti. Lent\u00e4\u00e4 hyvin ja korkealta, piha-aidat ovat n\u00f6ss\u00f6j\u00e4 varten. \ud83d\ude09 Kaunis, mutta v\u00e4h\u00e4n bimbo. Ei ihan penaalin ter\u00e4vin kyn\u00e4, mutta aina innolla mukana silti. Helsingin maailmanvoittajan\u00e4yttelyss\u00e4 Meara piipahti keh\u00e4ss\u00e4 ensimm\u00e4isi\u00e4 kertojaan ja sai sielt\u00e4 hienot arvostelut sek\u00e4 jo ensimm\u00e4iset hienot tittelins\u00e4 World Hope 2025 ja Helsinki Circuit Hope 2025. Nyt me odottelemme neidin kasvamista ja kehittymist\u00e4 ennen seuraavia keh\u00e4koitoksia. Sill\u00e4 v\u00e4lill\u00e4 Inger ja perhe treenaavat Mearan kanssa agility\u00e4 ja harrastavat monenmoista arjen aktivointia.<\/p>\n","protected":false},"author":1,"featured_media":0,"parent":0,"menu_order":0,"comment_status":"closed","ping_status":"closed","template":"","meta":{"footnotes":""},"class_list":["post-138","page","type-page","status-publish","hentry"],"_links":{"self":[{"href":"https:\/\/www.racyred.net\/index.php\/wp-json\/wp\/v2\/pages\/138","targetHints":{"allow":["GET"]}}],"collection":[{"href":"https:\/\/www.racyred.net\/index.php\/wp-json\/wp\/v2\/pages"}],"about":[{"href":"https:\/\/www.racyred.net\/index.php\/wp-json\/wp\/v2\/types\/page"}],"author":[{"embeddable":true,"href":"https:\/\/www.racyred.net\/index.php\/wp-json\/wp\/v2\/users\/1"}],"replies":[{"embeddable":true,"href":"https:\/\/www.racyred.net\/index.php\/wp-json\/wp\/v2\/comments?post=138"}],"version-history":[{"count":5,"href":"https:\/\/www.racyred.net\/index.php\/wp-json\/wp\/v2\/pages\/138\/revisions"}],"predecessor-version":[{"id":153,"href":"https:\/\/www.racyred.net\/index.php\/wp-json\/wp\/v2\/pages\/138\/revisions\/153"}],"wp:attachment":[{"href":"https:\/\/www.racyred.net\/index.php\/wp-json\/wp\/v2\/media?parent=138"}],"curies":[{"name":"wp","href":"https:\/\/api.w.org\/{rel}","templated":true}]}}