{"id":18,"date":"2023-11-23T12:19:31","date_gmt":"2023-11-23T12:19:31","guid":{"rendered":"https:\/\/www.racyred.net\/?page_id=18"},"modified":"2026-04-21T20:20:27","modified_gmt":"2026-04-21T20:20:27","slug":"irlanninterrieri-pahkinankuoressa","status":"publish","type":"page","link":"https:\/\/www.racyred.net\/index.php\/irlanninterrieri-pahkinankuoressa\/","title":{"rendered":"Irlanninterrieri p\u00e4hkin\u00e4nkuoressa"},"content":{"rendered":"\n<p>Irlanninterrieri on vanhin nelj\u00e4st\u00e4 irlantilaisesta terrieriroduista ja se polveutunee irlantilaisesta black and tan -terrierist\u00e4, vanhoista brittein saarten terriereist\u00e4 sek\u00e4 skotlantilaisista karkeakarvaisista luolakoirista. Irlanninterriereit\u00e4 esitettiin n\u00e4yttelyss\u00e4 jo vuonna 1873 ja historia juontaa juurensa viel\u00e4 paljon kauemmaksi menneisyyteen. Alun perin irlanninterrieri\u00e4 on k\u00e4ytetty maatiloilla muunmuassa rottien, kanien, majavien ja piisamien mets\u00e4stykseen sek\u00e4 lasten, talon ja kotiel\u00e4inten vartijana. Ensimm\u00e4isen maailmansodan asemasotavaiheessa irlanninterriereit\u00e4 my\u00f6s k\u00e4ytettiin rintamalla viestikoirana. Nykyisin se soveltuu erinomaisesti my\u00f6s kaupunkioloihin. Vanhan englantilaisen kuvauksen mukaan irlanninterrieri on &#8221;k\u00f6yh\u00e4n miehen vartija, maamiehen yst\u00e4v\u00e4 ja herrasmiehen suosikki&#8221;<\/p>\n\n\n\n<figure class=\"wp-block-image size-large\"><img loading=\"lazy\" decoding=\"async\" width=\"682\" height=\"1024\" src=\"https:\/\/www.racyred.net\/wp-content\/uploads\/2023\/11\/Verka-Laura-682x1024.jpg\" alt=\"\" class=\"wp-image-28\" srcset=\"https:\/\/www.racyred.net\/wp-content\/uploads\/2023\/11\/Verka-Laura-682x1024.jpg 682w, https:\/\/www.racyred.net\/wp-content\/uploads\/2023\/11\/Verka-Laura-200x300.jpg 200w, https:\/\/www.racyred.net\/wp-content\/uploads\/2023\/11\/Verka-Laura-768x1153.jpg 768w, https:\/\/www.racyred.net\/wp-content\/uploads\/2023\/11\/Verka-Laura-1023x1536.jpg 1023w, https:\/\/www.racyred.net\/wp-content\/uploads\/2023\/11\/Verka-Laura.jpg 1342w\" sizes=\"auto, (max-width: 682px) 100vw, 682px\" \/><\/figure>\n\n\n\n<p>Irlanninterrieri\u00e4 kuvataan englanninkielisin sanoin &#8221;racy, red, rectangular&#8221;. Ollakseen &#8221;racy&#8221; tulisi irlanninterrierin vaikuttaa voimakkaalta olematta kuitenkaan liian roteva tai raskas. &#8221;Rectangular&#8221; (=suorakulmainen) taas kuvaa sen siluettia: runko on suhteessa pidempi kuin monilla muilla korkeajalkaisilla terriereill\u00e4. Lis\u00e4ksi sen \u00e4\u00e4riviivat ovat virtaviivaiset, mutta koiralla on silti riitt\u00e4v\u00e4sti massaa. Irlanninterrierin tulee olla yleisvaikutelmaltaan toimelias, eloisa, notkea ja j\u00e4ntev\u00e4. Vahvan h\u00e4nn\u00e4n tulisi olla melko korkealle kiinnittynyt ja iloisesti pystyss\u00e4, se ei saa taittua sel\u00e4n p\u00e4\u00e4lle eik\u00e4 olla kippura. P\u00e4\u00e4 on pitk\u00e4nmallinen ja tyylik\u00e4s ja kolmionmallisten, pienten ja paksuhkojen V:n muotoisten korvien tulisi taittua l\u00e4helle silm\u00e4kulmaa. Tummanruskeissa, pieniss\u00e4 silmiss\u00e4 pit\u00e4isi olla tulinen katse. Kaikki turkin s\u00e4vyt tummanpunaisesta vehn\u00e4nv\u00e4riseen ovat sallittuja, samoin kuin pieni valkoinen l\u00e4ikk\u00e4 rinnassa.<\/p>\n\n\n\n<figure class=\"wp-block-image size-full\"><img loading=\"lazy\" decoding=\"async\" width=\"960\" height=\"636\" src=\"https:\/\/www.racyred.net\/wp-content\/uploads\/2023\/11\/Verka-JariKaaja.jpg\" alt=\"\" class=\"wp-image-26\" srcset=\"https:\/\/www.racyred.net\/wp-content\/uploads\/2023\/11\/Verka-JariKaaja.jpg 960w, https:\/\/www.racyred.net\/wp-content\/uploads\/2023\/11\/Verka-JariKaaja-300x199.jpg 300w, https:\/\/www.racyred.net\/wp-content\/uploads\/2023\/11\/Verka-JariKaaja-768x509.jpg 768w\" sizes=\"auto, (max-width: 960px) 100vw, 960px\" \/><figcaption class=\"wp-element-caption\"><sup>Photo: Jari Kaaja<\/sup><\/figcaption><\/figure>\n\n\n\n<p>Irlanninterrieri on noin 46 cm korkea ja se painaa 12-15 kg. Sen turkki on rungossa suhteellisen lyhyt ja karkea, parrassa ja jaloissa on pidemp\u00e4\u00e4 karvaa. Oikeanlainen irskin turkki s\u00e4\u00e4nkest\u00e4v\u00e4 ja helppohoitoinen. Se trimmataan nyppim\u00e4ll\u00e4 muutaman kuukauden v\u00e4lein, jolloin kyps\u00e4, ylikasvanut karva nypit\u00e4\u00e4n pois ja uudelle karvalle tulee tilaa kasvaa. Nypitt\u00e4v\u00e4t koirat eiv\u00e4t itse uusi turkkiaan, joten monille roduille tyypillist\u00e4 karvanl\u00e4ht\u00f6aikaa ei ole. Siit\u00e4 huolimatta koiraperheess\u00e4 on aina syyt\u00e4 tottua irtokarvoihin.<\/p>\n\n\n\n<p>Irlanninterrierit ovat tyypillisesti valppaita, aktiivisia ja huumorintajuisia koiria ja nauttivat fyysisist\u00e4 ja psyykkisist\u00e4 haasteista. Irlanninterrieri toimii hienosti esimerkiksi agilityss\u00e4, tokossa, mej\u00e4ss\u00e4 tai pelastuskoiratoiminnassa. Irlanninterrierit ovat t\u00e4ynn\u00e4 el\u00e4m\u00e4\u00e4 olematta kuitenkaan yliaktiivisia s\u00e4hk\u00f6j\u00e4niksi\u00e4: sen tulisi osata rentoutua, mutta olla nopeasti valmiina t\u00e4yteen toimintaan.&nbsp;<\/p>\n\n\n\n<p>Irski tarvitsee liikuntaa ja aktivointia: \u00e4l\u00e4 hanki irlanninterrieri\u00e4, jos et jaksa lenkitt\u00e4\u00e4 ja aktivoida sit\u00e4! Irski vaatii omistajaltaan hyv\u00e4\u00e4 johtajuutta ja osaa kyll\u00e4 tilaisuuden tullen k\u00e4ytt\u00e4\u00e4 vapaudet hyv\u00e4kseen. Irlanninterrierit pit\u00e4v\u00e4t treenaamisesta, uudet temput opitaan nopeasti makupalojen ja lelujen avulla. Rodulla ei ole korkeaa miellytt\u00e4misenhalua kuin joillakin muilla roduilla.<\/p>\n\n\n\n<p>Ihmisi\u00e4 kohtaan irlanninterrierit ovat lempeit\u00e4 ja uskollisia ja useimmat irskit rakastavat lapsia koko syd\u00e4mell\u00e4\u00e4n. Toisten koirien kanssa irski osaa pit\u00e4 puolensa, mutta jos sen p\u00e4\u00e4lle hy\u00f6k\u00e4t\u00e4\u00e4n, se on leijonamaisen rohkea ja taistelee sinnikk\u00e4\u00e4sti viimeiseen saakka.<\/p>\n","protected":false},"excerpt":{"rendered":"<p>Irlanninterrieri on vanhin nelj\u00e4st\u00e4 irlantilaisesta terrieriroduista ja se polveutunee irlantilaisesta black and tan -terrierist\u00e4, vanhoista brittein saarten terriereist\u00e4 sek\u00e4 skotlantilaisista karkeakarvaisista luolakoirista. Irlanninterriereit\u00e4 esitettiin n\u00e4yttelyss\u00e4 jo vuonna 1873 ja historia juontaa juurensa viel\u00e4 paljon kauemmaksi menneisyyteen. Alun perin irlanninterrieri\u00e4 on k\u00e4ytetty maatiloilla muunmuassa rottien, kanien, majavien ja piisamien mets\u00e4stykseen sek\u00e4 lasten, talon ja kotiel\u00e4inten vartijana. Ensimm\u00e4isen maailmansodan asemasotavaiheessa irlanninterriereit\u00e4 my\u00f6s k\u00e4ytettiin rintamalla viestikoirana. Nykyisin se soveltuu erinomaisesti my\u00f6s kaupunkioloihin. Vanhan englantilaisen kuvauksen mukaan irlanninterrieri on &#8221;k\u00f6yh\u00e4n miehen vartija, maamiehen yst\u00e4v\u00e4 ja herrasmiehen suosikki&#8221; Irlanninterrieri\u00e4 kuvataan englanninkielisin sanoin &#8221;racy, red, rectangular&#8221;. Ollakseen &#8221;racy&#8221; tulisi irlanninterrierin vaikuttaa voimakkaalta olematta kuitenkaan liian roteva tai raskas. &#8221;Rectangular&#8221; (=suorakulmainen) taas kuvaa sen siluettia: runko on suhteessa pidempi kuin monilla muilla korkeajalkaisilla terriereill\u00e4. Lis\u00e4ksi sen \u00e4\u00e4riviivat ovat virtaviivaiset, mutta koiralla on silti riitt\u00e4v\u00e4sti massaa. Irlanninterrierin tulee olla yleisvaikutelmaltaan toimelias, eloisa, notkea ja j\u00e4ntev\u00e4. Vahvan h\u00e4nn\u00e4n tulisi olla melko korkealle kiinnittynyt ja iloisesti pystyss\u00e4, se ei saa taittua sel\u00e4n p\u00e4\u00e4lle eik\u00e4 olla kippura. P\u00e4\u00e4 on pitk\u00e4nmallinen ja tyylik\u00e4s ja kolmionmallisten, pienten ja paksuhkojen V:n muotoisten korvien tulisi taittua l\u00e4helle silm\u00e4kulmaa. Tummanruskeissa, pieniss\u00e4 silmiss\u00e4 pit\u00e4isi olla tulinen katse. Kaikki turkin s\u00e4vyt tummanpunaisesta vehn\u00e4nv\u00e4riseen ovat sallittuja, samoin kuin pieni valkoinen l\u00e4ikk\u00e4 rinnassa. Irlanninterrieri on noin 46 cm korkea ja se painaa 12-15 kg. Sen turkki on rungossa suhteellisen lyhyt ja karkea, parrassa ja jaloissa on pidemp\u00e4\u00e4 karvaa. Oikeanlainen irskin turkki s\u00e4\u00e4nkest\u00e4v\u00e4 ja helppohoitoinen. Se trimmataan nyppim\u00e4ll\u00e4 muutaman kuukauden v\u00e4lein, jolloin kyps\u00e4, ylikasvanut karva nypit\u00e4\u00e4n pois ja uudelle karvalle tulee tilaa kasvaa. Nypitt\u00e4v\u00e4t koirat eiv\u00e4t itse uusi turkkiaan, joten monille roduille tyypillist\u00e4 karvanl\u00e4ht\u00f6aikaa ei ole. Siit\u00e4 huolimatta koiraperheess\u00e4 on aina syyt\u00e4 tottua irtokarvoihin. Irlanninterrierit ovat tyypillisesti valppaita, aktiivisia ja huumorintajuisia koiria ja nauttivat fyysisist\u00e4 ja psyykkisist\u00e4 haasteista. Irlanninterrieri toimii hienosti esimerkiksi agilityss\u00e4, tokossa, mej\u00e4ss\u00e4 tai pelastuskoiratoiminnassa. Irlanninterrierit ovat t\u00e4ynn\u00e4 el\u00e4m\u00e4\u00e4 olematta kuitenkaan yliaktiivisia s\u00e4hk\u00f6j\u00e4niksi\u00e4: sen tulisi osata rentoutua, mutta olla nopeasti valmiina t\u00e4yteen toimintaan.&nbsp; Irski tarvitsee liikuntaa ja aktivointia: \u00e4l\u00e4 hanki irlanninterrieri\u00e4, jos et jaksa lenkitt\u00e4\u00e4 ja aktivoida sit\u00e4! Irski vaatii omistajaltaan hyv\u00e4\u00e4 johtajuutta ja osaa kyll\u00e4 tilaisuuden tullen k\u00e4ytt\u00e4\u00e4 vapaudet hyv\u00e4kseen. Irlanninterrierit pit\u00e4v\u00e4t treenaamisesta, uudet temput opitaan nopeasti makupalojen ja lelujen avulla. Rodulla ei ole korkeaa miellytt\u00e4misenhalua kuin joillakin muilla roduilla. Ihmisi\u00e4 kohtaan irlanninterrierit ovat lempeit\u00e4 ja uskollisia ja useimmat irskit rakastavat lapsia koko syd\u00e4mell\u00e4\u00e4n. Toisten koirien kanssa irski osaa pit\u00e4 puolensa, mutta jos sen p\u00e4\u00e4lle hy\u00f6k\u00e4t\u00e4\u00e4n, se on leijonamaisen rohkea ja taistelee sinnikk\u00e4\u00e4sti viimeiseen saakka.<\/p>\n","protected":false},"author":1,"featured_media":0,"parent":0,"menu_order":0,"comment_status":"closed","ping_status":"closed","template":"","meta":{"footnotes":""},"class_list":["post-18","page","type-page","status-publish","hentry"],"_links":{"self":[{"href":"https:\/\/www.racyred.net\/index.php\/wp-json\/wp\/v2\/pages\/18","targetHints":{"allow":["GET"]}}],"collection":[{"href":"https:\/\/www.racyred.net\/index.php\/wp-json\/wp\/v2\/pages"}],"about":[{"href":"https:\/\/www.racyred.net\/index.php\/wp-json\/wp\/v2\/types\/page"}],"author":[{"embeddable":true,"href":"https:\/\/www.racyred.net\/index.php\/wp-json\/wp\/v2\/users\/1"}],"replies":[{"embeddable":true,"href":"https:\/\/www.racyred.net\/index.php\/wp-json\/wp\/v2\/comments?post=18"}],"version-history":[{"count":2,"href":"https:\/\/www.racyred.net\/index.php\/wp-json\/wp\/v2\/pages\/18\/revisions"}],"predecessor-version":[{"id":192,"href":"https:\/\/www.racyred.net\/index.php\/wp-json\/wp\/v2\/pages\/18\/revisions\/192"}],"wp:attachment":[{"href":"https:\/\/www.racyred.net\/index.php\/wp-json\/wp\/v2\/media?parent=18"}],"curies":[{"name":"wp","href":"https:\/\/api.w.org\/{rel}","templated":true}]}}